*l + 4 = 0. What is the remainder when 40 is divided by o?
0
Suppose x = 6*x - 10. Let b = 5 - x. Suppose -2*t - b*t = -55. Calculate the remainder when t is divided by 4.
3
Let h(b) = -9*b + 6. Let s = 41 - 122. Let z = s - -151. Calculate the remainder when z is divided by h(-2).
22
Let u(f) = f**2 + 3*f + 5. What is the remainder when (-3 - (2 - -1)) + 94 is divided by u(-5)?
13
Suppose -p + v + 7 + 2 = 0, -9 = -3*v. Let d be ((-4)/8 + 1)*72. Calculate the remainder when (832/18 + (-8)/d)*1 is divided by p.
10
Let q = -76 - -78. Suppose 0 = 4*s - 4*a - 164, q*s - 4*a = -a + 81. What is the remainder when s is divided by 9?
6
Let i(m) = -23*m - 4. Calculate the remainder when 52 is divided by i(-1).
14
Let j(p) be the second derivative of -3*p**3/2 + 4*p**2 - 29*p. Calculate the remainder when 81 is divided by j(-1).
13
Let c be 1/4 - 1782/24. Let u = c - -80. What is the remainder when 12 is divided by u?
0
Let o = 24 - 5. Let v(x) = 2*x**3 - x**2 - 1. What is the remainder when o is divided by v(2)?
8
Suppose -y + 4*a + 49 = 5*a, 248 = 5*y + 4*a. What is the remainder when 116 is divided by y?
12
Let r(c) = c**3 - 5*c**2 + 4*c + 4. Let d be r(4). Let p(w) = 8*w**2 - 4*w - 4. Calculate the remainder when p(d) is divided by 28.
24
Suppose -o + 43 = 117. Let u = o + 92. Calculate the remainder when u is divided by 6.
0
Let p = -20 - -25. Calculate the remainder when 25 is divided by (p + 1)/(5/(45/6)).
7
Let j = -3055 + 3145. Calculate the remainder when j is divided by (-3)/((-6)/44) - -1.
21
Let n(a) = -2*a**3 - 2*a**2 - a + 2. Suppose 78*v = 2785 + 13049. What is the remainder when v is divided by n(-3)?
39
Suppose -6*a + 63 + 249 = 0. Calculate the remainder when 192 is divided by a.
36
Let l = 23 - -46. Suppose 4*i = 4*w + 136, 4*w + 63 = 3*i - 37. What is the remainder when l is divided by i?
33
Suppose -8*u + 4*u = -76. Suppose -3*r + 6*a - 2*a = -21, 3*r - a - 21 = 0. What is the remainder when u is divided by r?
5
Suppose 4*r = 3*y + 10, 0*r + 1 = r. Let n be (4 - (y + 4)) + -2. Suppose n = -h - 7 + 16. What is the remainder when 16 is divided by h?
7
Let f(n) = 2*n - 9. Let a be f(6). Suppose -z = a*m - 36, -3*m + 17 + 19 = 2*z. Let q = 30 - m. What is the remainder when q is divided by 7?
4
Let l(n) = n**3 + 12*n**2 - 30*n - 23. Let d be l(-14). Suppose -f = -3*s + 2*s - d, 5*s - 55 = -5*f. Calculate the remainder when f is divided by 4.
0
Let u be (-1 + -36)/(3/(-9)). Let f = u + -84. Calculate the remainder when f is divided by 14.
13
Suppose 38*v - 26*v - 576 = 0. Calculate the remainder when v is divided by 35.
13
Let z be (5/3)/(4/1020). Suppose 0 = 3*l + 2*l - z. What is the remainder when l is divided by 29/(-3)*(-3 + 0)?
27
Suppose u + f + 19 = -2*u, 4*f + 41 = -5*u. Let o(w) = -17*w - 12. Calculate the remainder when o(u) is divided by 21.
10
Let p = 16 - 8. Calculate the remainder when 7 + (-1 + 6 - -1) is divided by p.
5
Let r(i) = -15*i - 324. Calculate the remainder when 175 is divided by r(-24).
31
Let q be 2/((10 - 4) + -5). Suppose 3*w + w + 59 = 5*f, 51 = 5*f + 4*w. Let y = f - q. What is the remainder when y is divided by 7?
2
Let d(r) be the third derivative of r**4/24 + 13*r**3/6 + 4*r**2. Calculate the remainder when 64 is divided by d(20).
31
Let d be (-29)/(-6) + 3/18. Let o(u) = u**3 - 5*u**2 + 6*u - 7. Let f = 118 - 51. Calculate the remainder when f is divided by o(d).
21
Let o = -27 - -39. Let c = o + 3. What is the remainder when 57 is divided by c?
12
Suppose 0 = 8*n - 520 - 160. Let i = n + -73. What is the remainder when 39 is divided by i?
3
Let l(o) = -4*o + 132. Calculate the remainder when l(-12) is divided by 32.
20
Let m = -252 + 431. Suppose -138*d - 4 = -137*d, 3*d + 52 = 2*o. What is the remainder when m is divided by o?
19
Let t(m) = -2*m**3 + 12*m**2 + 5*m - 5. Let b(j) = j**2 - j + 4. Let z be b(2). What is the remainder when 97 is divided by t(z)?
22
Suppose 71 = 8*u + 15. Calculate the remainder when 0/(-2) - (-2 - 2) is divided by u + -4 + 3 + -4.
0
Let r(o) = o - 1. Let l(a) = 4*a + 15. Let z(q) = -l(q) - r(q). What is the remainder when 21 is divided by z(-5)?
10
Let s(k) = 41*k**2 + 9*k - 117. Calculate the remainder when s(5) is divided by 18.
17
Suppose -k - 916 = -942. What is the remainder when 122 is divided by k?
18
Let g(a) = -3*a + 11. Let w(r) = -r**2 - 13*r + 5. Let q be w(-8). Suppose -y = -6*y + q. Calculate the remainder when g(-8) is divided by y.
8
Suppose 5*c = 5*q - 460, q - c + 90 = 2*q. What is the remainder when q is divided by 34?
23
What is the remainder when 814 is divided by ((-68)/(-8))/(4*(-5)/(-40))?
15
Suppose -605 = -3*d - 4*b, -3*b + 406 = 2*d + b. Calculate the remainder when d is divided by 40.
39
Suppose -16*p + 17*p = 15. Calculate the remainder when 99 is divided by p.
9
Let b be -2*(-1)/(2/9). Suppose 0 = 2*j - 76 + 72. Suppose -j*a = -b - 17. Calculate the remainder when a is divided by 8.
5
Suppose -i + 4 = -15. What is the remainder when 46 is divided by i?
8
Let t be -84*((-6)/8)/((-7)/(-14)). Suppose f - t = -2*f. Calculate the remainder when f is divided by ((-88)/(-12))/(1/3).
20
Suppose 2*z + u - 6*u = 19, 5*u + 11 = -2*z. Let d(r) = -9*r + 5*r**3 + 0*r**2 + 2 + 2*r - 4*r**3 + 9*r**z. Calculate the remainder when d(-9) is divided by 22.
21
Let x = -204 + 216. Let f = -5 + 13. Calculate the remainder when x is divided by f.
4
Suppose 4*r - 99 - 4 = -5*t, 2*t + r = 40. Let v be (-185)/11 - (-20)/(-110). Let n = v + 22. What is the remainder when t is divided by n?
4
Let r(k) = -k**3 - 9*k**2 + 12*k + 24. Let m be r(-10). Suppose 168 = -m*o + 11*o. What is the remainder when 95 is divided by o?
23
Suppose 0 = -4*a + 10 + 10. Suppose 3*p - 3*c + 4*c - 23 = 0, -20 = -a*p + 2*c. Suppose 0*t - t = -p. What is the remainder when 10 is divided by t?
4
Suppose 2*k = 5*l + 207 + 38, 2*k - 241 = l. What is the remainder when k is divided by 61?
59
Let f(y) = -y**3 + 8*y**2 - y + 12. Let p be f(8). Suppose 4*t = 5*a - 93, -p*a = -0*t + t - 66. What is the remainder when 31 is divided by a?
14
Let k = 66 - 54. Calculate the remainder when 287 is divided by k.
11
Let t(s) = -16*s + 5. Let f be t(-6). Suppose -7*i = -3*i - 8, 3*n = i - f. Let m = 56 + n. Calculate the remainder when m is divided by 8.
7
Let p = 220 - 129. Let m = -75 + p. What is the remainder when 60 is divided by m?
12
Let l(q) = 4*q + 19. Suppose -171 - 5 = -11*w. Calculate the remainder when l(w) is divided by 14.
13
Let p(u) = u**2 - 3. Suppose 2*w = 3*w + 83. Calculate the remainder when p(-8) is divided by (-17)/(-68) - w/4.
19
Calculate the remainder when 2*((-2)/(-3))/(52/2613) is divided by 7.
4
Let c = -23 - -64. Suppose -4*g - 4*m = -7 - c, -2*g = -3*m - 24. What is the remainder when 22 is divided by g?
10
Suppose -332 - 152 = -34*r - 10*r. Suppose -2*s + 4 + 176 = 0. Suppose -7*z + s = -2*z. What is the remainder when z is divided by r?
7
Suppose 4*n + 3*t - 12 = -0*t, -5*n - 2*t = -22. Let y be (-8)/(-3)*9/n. Suppose 0 = -y*h + 151 + 125. Calculate the remainder when h is divided by 24.
21
Let y = 16 - 12. Let j be 23/4 + (-3)/y. Suppose 0 = j*w - 0*w - 70. Calculate the remainder when 54 is divided by w.
12
Let l = -8 - -16. Let o = l - 10. What is the remainder when (0 - 306/3)/o is divided by 18?
15
Let y = -5 - -10. Suppose -h + 12 = 2*n, -3*h = y*n - 44 + 15. Suppose -3*g = 4*x + x, 2*x + 4*g + 14 = 0. What is the remainder when n is divided by x?
1
Suppose 40 = -i + 9*i. Suppose 0 = i*z + 62 - 347. Calculate the remainder when z is divided by 10.
7
Let p be -4 + (-162)/(-10) + (-16)/(-20). Suppose -2 = 3*l - 32. Suppose d - 2*v = -0 + p, d - l = -v. What is the remainder when d is divided by 4?
3
Suppose 2*y + 8*y = 240. Calculate the remainder when 28 is divided by y.
4
Let c(a) = 15*a**2 - a + 1. Let m be c(1). Let d = m - 0. Calculate the remainder when 1/(21/603) - 72/(-252) is divided by d.
14
Suppose -120 = -3*m - 9. What is the remainder when 49 is divided by m?
12
Suppose -12*m = -1883 + 623. Calculate the remainder when 204 is divided by m.
99
Suppose -7*r + 61 = -44. Suppose r = -c - 5*z, 20 + 15 = 3*c - z. What is the remainder when 38 is divided by c?
8
Let j = -5127 + 5135. Suppose -21 = -2*i + 7. Calculate the remainder when i is divided by j.
6
Supp